{"id":3,"date":"2024-04-12T11:22:37","date_gmt":"2024-04-12T09:22:37","guid":{"rendered":"http:\/\/rscbeaufays.thegoodtee.shop\/?page_id=3"},"modified":"2024-04-25T15:58:55","modified_gmt":"2024-04-25T13:58:55","slug":"politique-de-confidentialite","status":"publish","type":"page","link":"https:\/\/rscbeaufays.thegoodtee.shop\/index.php\/politique-de-confidentialite\/","title":{"rendered":"Politique de confidentialit\u00e9"},"content":{"rendered":"\t\t<div data-elementor-type=\"wp-page\" data-elementor-id=\"3\" class=\"elementor elementor-3\" data-elementor-post-type=\"page\">\n\t\t\t\t<div class=\"elementor-element elementor-element-147264c6 e-flex e-con-boxed e-con e-parent\" data-id=\"147264c6\" data-element_type=\"container\" data-e-type=\"container\">\n\t\t\t\t\t<div class=\"e-con-inner\">\n\t\t\t\t<div class=\"elementor-element elementor-element-4faa2e82 elementor-widget elementor-widget-text-editor\" data-id=\"4faa2e82\" data-element_type=\"widget\" data-e-type=\"widget\" data-widget_type=\"text-editor.default\">\n\t\t\t\t<div class=\"elementor-widget-container\">\n\t\t\t\t\t\t\t\t\t\n<p><\/p>\n\n\n\n<p><\/p>\n\n\n\n<p><\/p>\n\n\n\n<p><\/p>\n\n\n\n<p><\/p>\n\n\n\n<p><\/p>\n\n\n\n<p><\/p>\n\n\n\n<p><\/p>\n\n\n\n<p><\/p>\n\n\n\n<p><\/p>\n\n\n\n<p><\/p>\n\n\n\n<p><\/p>\n\n\n\n<p><\/p>\n\n\n\n<p><\/p>\n\t\t\t\t\t\t\t\t<\/div>\n\t\t\t\t<\/div>\n\t\t\t\t\t<\/div>\n\t\t\t\t<\/div>\n\t\t<div class=\"elementor-element elementor-element-d3a98e5 e-flex e-con-boxed e-con e-parent\" data-id=\"d3a98e5\" data-element_type=\"container\" data-e-type=\"container\">\n\t\t\t\t\t<div class=\"e-con-inner\">\n\t\t\t\t<div class=\"elementor-element elementor-element-8afecf1 elementor-widget elementor-widget-text-editor\" data-id=\"8afecf1\" data-element_type=\"widget\" data-e-type=\"widget\" data-widget_type=\"text-editor.default\">\n\t\t\t\t<div class=\"elementor-widget-container\">\n\t\t\t\t\t\t\t\t\t<p><strong>Smartex SRL<\/strong> est soucieuse du respect de votre vie priv\u00e9e, conform\u00e9ment aux dispositions du R\u00e8glement g\u00e9n\u00e9ral sur la protection des donn\u00e9es (RGPD) 2016\/679 du 27 avril 2016 relatif \u00e0 la protection des personnes physiques \u00e0 l&rsquo;\u00e9gard du traitement des donn\u00e9es \u00e0 caract\u00e8re personnel et \u00e0 la libre circulation de ces donn\u00e9es.<br \/>Dans le texte ci-dessous, nous expliquons la fa\u00e7on dont nous traitons et utilisons vos donn\u00e9es \u00e0 caract\u00e8re personnel.<\/p>\n<h4>Qui traite vos donn\u00e9es personnelles ?<\/h4>\n<p><strong>Smartex SRL <\/strong>est responsable du site.<\/p>\n<p>Smartex SRL<br \/>Rue de li\u00e8ge 141<br \/>4020 Jupille-sur-Meuse<br \/>Belgique<br \/>BE0506.657.625<br \/>webshop@smartex.be<br \/>+32 471 804 374<\/p>\n<h4>Quelles donn\u00e9es personnelles sont collect\u00e9es ?<\/h4>\n<p>Le traitement de vos donn\u00e9es personnelles est limit\u00e9 au strict n\u00e9cessaire pour atteindre les finalit\u00e9s poursuivies par <strong>Smartex SRL<\/strong>. Ci-dessous, sont \u00e9num\u00e9r\u00e9es les cat\u00e9gories de donn\u00e9es concern\u00e9es par le traitement:<br \/>&#8211; <strong>Vos nom et pr\u00e9nom.<\/strong><br \/>&#8211; <strong>Votre adresse.<\/strong><br \/>&#8211; <strong>Votre mail.<\/strong><br \/>&#8211; <strong>Votre num\u00e9ro de t\u00e9l\u00e9phone.<\/strong><\/p>\n<p>Nous avons besoin de ces donn\u00e9es pour mener \u00e0 bien la proc\u00e9dure d\u2019achat de vos produits. <strong>Smartex SRL<\/strong> conserve un historique de vos achats pendant cinq ans, mais n\u2019enregistrera jamais les donn\u00e9es de votre carte bancaire. <strong>Smartex SRL <\/strong>peut vous envoyer des e-mails informatifs en lien avec le produit que vous avez achet\u00e9.<\/p>\n<h4>Avec qui partageons-nous vos donn\u00e9es ?<\/h4>\n<p>Lorsque vous achetez un produit, vos donn\u00e9es \u00e0 caract\u00e8re personnel sont communiqu\u00e9es de mani\u00e8re s\u00e9curis\u00e9e \u00e0 <strong>Bpost<\/strong> (en charge de la livraison du produit). Ce traitement a lieu dans le cadre de l\u2019ex\u00e9cution d\u2019un contrat et est n\u00e9cessaire \u00e0 la d\u00e9livrance de votre achat. Les soci\u00e9t\u00e9s impliqu\u00e9es dans le processus de production sont elles aussi tenues de respecter la protection de vos donn\u00e9es.<\/p>\n<h4>Quels sont vos droits ?<\/h4>\n<p>En tant qu\u2019utilisateur, vous poss\u00e9dez \u00e9galement un certain nombre de droits portant sur vos donn\u00e9es \u00e0 caract\u00e8re personnel.<\/p>\n<p>&#8211; <strong>Droit de consultation et de rectification<\/strong>: vous disposez du droit de consulter toutes les donn\u00e9es \u00e0 caract\u00e8re personnel que nous recueillons de votre part. Vous pouvez obtenir la modification ou l\u2019effacement des \u00e9ventuelles donn\u00e9es incorrectes ou incompl\u00e8tes.<\/p>\n<p>&#8211; <strong>Droit \u00e0 l\u2019oubli (droit \u00e0 l\u2019effacement)<\/strong>: un visiteur a toujours le droit d\u2019obtenir l\u2019effacement de ses donn\u00e9es de nos bases de donn\u00e9es, sauf si ces informations sont n\u00e9cessaires \u00e0 l\u2019ex\u00e9cution d\u2019un contrat ou au respect d\u2019une obligation l\u00e9gale.<\/p>\n<p>&#8211; <strong>Droit de r\u00e9clamation<\/strong>: si vous estimez que vos donn\u00e9es ont fait l\u2019objet d\u2019un traitement illicite de notre part, vous avez le droit d\u2019introduire une r\u00e9clamation aupr\u00e8s de l\u2019Autorit\u00e9 de Protection des Donn\u00e9es.<\/p>\n<p>&#8211; <strong>Droit de retrait de consentement<\/strong>: tout utilisateur ou visiteur faisant l\u2019objet d\u2019une collecte de donn\u00e9es \u00e0 caract\u00e8re personnel a le droit de retirer \u00e0 tout moment un consentement qu\u2019il a donn\u00e9 par le pass\u00e9 pour le traitement desdites donn\u00e9es \u00e0 caract\u00e8re personnel.<\/p>\n<p>&#8211; <strong>Droit d\u2019opposition<\/strong>: vous avez \u00e0 tout moment le droit de vous opposer au traitement de vos donn\u00e9es \u00e0 caract\u00e8re personnel lorsque ce processus a lieu sans votre consentement et que le traitement ne doit pas \u00eatre fond\u00e9 sur une autre base, comme l\u2019ex\u00e9cution d\u2019un contrat ou le respect d\u2019une base l\u00e9gale.<\/p>\n<p>&#8211; <strong>Droit \u00e0 la limitation du traitement<\/strong>: vous disposez du droit de mettre fin au traitement de vos donn\u00e9es \u00e0 caract\u00e8re personnel ou de le suspendre.<\/p>\n<p>&#8211; <strong>Droit \u00e0 la portabilit\u00e9 des donn\u00e9es<\/strong>: vous avez, \u00e0 certaines conditions, le droit d\u2019obtenir de notre part vos donn\u00e9es \u00e0 caract\u00e8re personnel dans un format structur\u00e9, couramment utilis\u00e9 et lisible par machine, et de transmettre ces donn\u00e9es \u00e0 un autre responsable du traitement.<\/p>\n<h4>Comment exercer vos droits ?<\/h4>\n<p>Pour exercer vos droits, vous devez nous envoyer une demande par courrier recommand\u00e9 \u00e0 <strong>Smartex SRL \u2013 Rue de li\u00e8ge 141 \u2013 4020 Jupille-sur-Meuse<\/strong>\u00a0en mentionnant l\u2019objet de votre requ\u00eate et les coordonn\u00e9es que vous souhaitez modifier et\/ou effacer. Nous y r\u00e9pondrons dans les meilleurs d\u00e9lais, et au plus tard un 1 mois apr\u00e8s r\u00e9ception de la demande.<\/p>\n<h4>Possibilit\u00e9 d\u2019introduire une plainte<\/h4>\n<p>Si vous n\u2019\u00eates pas satisfait du traitement de vos donn\u00e9es personnelles par <strong>Smartex SRL <\/strong>, vous avez le droit d\u2019introduire une plainte aupr\u00e8s de l\u2019Autorit\u00e9 de Protection des Donn\u00e9es (https:\/\/ www.privacycommission.be\/).<\/p>\n<h2>NOUS UTILISONS AUSSI DES COOKIES<\/h2>\n<h4>Que sont les cookies ? Pourquoi les utilise-t-on ?<\/h4>\n<p>Les cookies sont des fichiers informatiques de tr\u00e8s petite taille. Ils sont stock\u00e9s sur votre ordinateur, votre tablette ou votre t\u00e9l\u00e9phone par le biais de votre navigateur. Le cookie contient un code unique permettant de reconna\u00eetre votre navigateur durant votre visite sur le site (\u00ab cookie de session \u00bb) ou lors de visites ult\u00e9rieures (\u00ab cookie permanent \u00bb). Il se compose du nom du serveur qui a plac\u00e9 le cookie, d\u2019une date d\u2019expiration et d\u2019un code chiffr\u00e9 unique. Les cookies peuvent \u00eatre plac\u00e9s par le serveur du site web que vous visitez ou par des sites partenaires avec lesquels il collabore. Le serveur ne peut lire que les cookies qu\u2019il a lui-m\u00eame plac\u00e9es; il n\u2019a acc\u00e8s \u00e0 aucune autre information se trouvant sur votre ordinateur ou sur votre appareil mobile. On utilise des cookies pour am\u00e9liorer l\u2019interaction entre le visiteur et le site: faciliter la navigation, rendre le contenu plus pertinent, adapter l\u2019affichage des informations aux pr\u00e9f\u00e9rences et aux besoins du visiteur (choix de la langue d\u2019interface par exemple). Ces cookies peuvent contenir des donn\u00e9es \u00e0 caract\u00e8re personnel, soit parce que votre consentement a \u00e9t\u00e9 obtenu, soit parce que ces donn\u00e9es sont indispensables sur le plan technique (s\u2019identifier pour acc\u00e9der \u00e0 un service ou placer une commande en ligne par exemple).<\/p>\n<h4>Comment utilisons-nous les cookies sur notre site ?<\/h4>\n<p>Sur <strong>https:\/\/www.thegoodtee.shop<\/strong>, nous utilisons uniquement des cookies analytiques de performance afin de collecter des informations sur la fa\u00e7on dont les visiteurs utilisent notre site web. Le but est d&rsquo;en am\u00e9liorer le contenu et d&rsquo;en augmenter la convivialit\u00e9. A cette fin, nous utilisons Google Analytics. Ses cookies nous permettent de conna\u00eetre le nombre de visiteurs sur le site, la dur\u00e9e et la fr\u00e9quence de leurs visites, comment ils naviguent de page en page. Cela nous permet, par exemple, de veiller \u00e0 ce qu\u2019ils trouvent facilement l\u2019information qu\u2019ils recherchent.<\/p>\n<h4>Quelles donn\u00e9es recueillons nous par le biais des cookies ?<\/h4>\n<p>Nul besoin de vous identifier pour visiter notre site. Cependant, nous pouvons collecter automatiquement certaines des donn\u00e9es suivantes:<br \/>&#8211; <strong>Votre adresse IP (Internet Protocol)<\/strong>.<br \/>&#8211; <strong>Votre fuseau horaire<\/strong>.<br \/>&#8211; <strong>Votre pays<\/strong>.<br \/>&#8211; <strong>Votre syst\u00e8me d\u2019exploitation et le type de navigateur que vous utilisez<\/strong>.<br \/>&#8211; <strong>La dur\u00e9e de votre navigation sur le site et la fr\u00e9quence de vos visites<\/strong>.<br \/>&#8211; <strong>L\u2019url du site qui contient le lien qui vous a permis de trouver le n\u00f4tre ou le moteur de recherche que vous avez utilis\u00e9 ou si vous avez introduit notre url dans la barre d\u2019adresse<\/strong>.<br \/>&#8211; <strong>Les pages que vous avez consult\u00e9es et combien de temps vous y avez pass\u00e9<\/strong>.<br \/>&#8211; <strong>Les erreurs de t\u00e9l\u00e9chargement<\/strong>.<\/p>\n<p>Ces donn\u00e9es sont r\u00e9colt\u00e9es uniquement pour pouvoir \u00e9tablir des statistiques de fr\u00e9quentation.<\/p>\n<h4>Comment bloquer ou supprimer les cookies ?<\/h4>\n<p>En modifiant les param\u00e8tres de votre navigateur, vous pouvez \u00e0 tout moment refuser l\u2019installation de cookies. Vous avez \u00e9galement la possibilit\u00e9 de supprimer tous les cookies d\u00e9j\u00e0 install\u00e9s sur votre ordinateur ou votre appareil mobile ou seulement d\u2019effacer certains d\u2019entre eux.<\/p>\n<p><strong>Smartex SRL <\/strong><br \/>Rue de li\u00e8ge 141<br \/>4020 Jupille-sur-Meuse<br \/>Belgique<br \/>BE0506.657.625<br \/>webshop@smartex.be<br \/>+32 471 804 374<\/p>\n<p><\/p>\t\t\t\t\t\t\t\t<\/div>\n\t\t\t\t<\/div>\n\t\t\t\t\t<\/div>\n\t\t\t\t<\/div>\n\t\t\t\t<\/div>\n\t\t","protected":false},"excerpt":{"rendered":"<p>Smartex SRL est soucieuse du respect de votre vie priv\u00e9e, conform\u00e9ment aux dispositions du R\u00e8glement g\u00e9n\u00e9ral sur la protection des donn\u00e9es (RGPD) 2016\/679 du 27 avril 2016 relatif \u00e0 la protection des personnes physiques \u00e0 l&rsquo;\u00e9gard du traitement des donn\u00e9es \u00e0 caract\u00e8re personnel et \u00e0 la libre circulation de ces donn\u00e9es.Dans le texte ci-dessous, nous [&hellip;]<\/p>\n","protected":false},"author":1,"featured_media":0,"parent":0,"menu_order":0,"comment_status":"closed","ping_status":"open","template":"","meta":{"_monsterinsights_skip_tracking":false,"_monsterinsights_sitenote_active":false,"_monsterinsights_sitenote_note":"","_monsterinsights_sitenote_category":0,"_uf_show_specific_survey":0,"_uf_disable_surveys":false,"footnotes":""},"class_list":["post-3","page","type-page","status-publish","hentry"],"aioseo_notices":[],"_links":{"self":[{"href":"https:\/\/rscbeaufays.thegoodtee.shop\/index.php\/wp-json\/wp\/v2\/pages\/3","targetHints":{"allow":["GET"]}}],"collection":[{"href":"https:\/\/rscbeaufays.thegoodtee.shop\/index.php\/wp-json\/wp\/v2\/pages"}],"about":[{"href":"https:\/\/rscbeaufays.thegoodtee.shop\/index.php\/wp-json\/wp\/v2\/types\/page"}],"author":[{"embeddable":true,"href":"https:\/\/rscbeaufays.thegoodtee.shop\/index.php\/wp-json\/wp\/v2\/users\/1"}],"replies":[{"embeddable":true,"href":"https:\/\/rscbeaufays.thegoodtee.shop\/index.php\/wp-json\/wp\/v2\/comments?post=3"}],"version-history":[{"count":4,"href":"https:\/\/rscbeaufays.thegoodtee.shop\/index.php\/wp-json\/wp\/v2\/pages\/3\/revisions"}],"predecessor-version":[{"id":93,"href":"https:\/\/rscbeaufays.thegoodtee.shop\/index.php\/wp-json\/wp\/v2\/pages\/3\/revisions\/93"}],"wp:attachment":[{"href":"https:\/\/rscbeaufays.thegoodtee.shop\/index.php\/wp-json\/wp\/v2\/media?parent=3"}],"curies":[{"name":"wp","href":"https:\/\/api.w.org\/{rel}","templated":true}]}}